 the prime factors of a.
2, 1607
Let z(s) = -67*s + 16. Let u be z(-6). Suppose 94 - u = -6*k. What are the prime factors of k?
2, 3
Suppose 0 = 7*f - 6*f - 2. Let u(a) = 0*a**2 + 3*a**2 - 2*a**f - 9*a + 4. What are the prime factors of u(12)?
2, 5
Let i(x) = 7*x - 21. Let c be 1 - (-4 + 8) - -9. What are the prime factors of i(c)?
3, 7
Suppose -933 = 15*d - 17448. What are the prime factors of d?
3, 367
Let r(u) = u. Let x(p) = 3*p - 4. Let n(o) = -6*r(o) + 3*x(o). What are the prime factors of n(6)?
2, 3
Suppose -2*h = -3*x + 1558, x = -x + h + 1037. What are the prime factors of x?
2, 3, 43
What are the prime factors of ((-76)/16 + 5)*4 + 795?
2, 199
What are the prime factors of 2392/6 - (1 + (-20)/15)?
3, 7, 19
Suppose 26*f - 41023 = -1477. What are the prime factors of f?
3, 13
Suppose h - 6*h = -380. List the prime factors of 0/9 + h*1.
2, 19
Suppose -4*s + 5*p = -18, -4*s - 2*p = 2*p. Suppose -151 = -s*d + 5. Suppose 156 = 3*j + j - 2*i, 0 = -2*j - i + d. What are the prime factors of j?
3, 13
Suppose -3*t - 1354 = -2*p, -7*p + 2*t - 691 = -8*p. What are the prime factors of p?
683
Let v be 5615/45 + 2/9. Let t(q) = q**2 - q - 12. Let b be t(-4). Suppose b*r = 3*r + v. What are the prime factors of r?
5
Let z = -60 + 128. Let u = z + -35. Suppose -27 = -5*r + u. List the prime factors of r.
2, 3
Let r(t) = -2*t**3 + t**2 + 2. Let w(c) = -c - 15. Let u be w(-13). List the prime factors of r(u).
2, 11
Suppose -5*r = 2*w - 4236, -6*w + 242 = 2*r - 1442. What are the prime factors of r?
2, 53
Suppose 0 = -n + 402 + 466. List the prime factors of n.
2, 7, 31
Let o(r) = r + 12. Let v be o(-9). Suppose -5*j + 3*x = -198, 0 = v*x - 17 + 5. Suppose l = 4*l - j. List the prime factors of l.
2, 7
Let m(n) = 4*n**2 + 5*n - 18. Let q(x) = -5*x**2 - 4*x + 19. Let g(v) = 3*m(v) + 2*q(v). List the prime factors of g(5).
3, 23
Let h(j) = -5*j - 27. Let p be h(-6). Suppose -p*o = -269 - 118. What are the prime factors of o?
3, 43
Let i(o) = 23*o + 322. List the prime factors of i(0).
2, 7, 23
Let n(k) be the first derivative of -k**2/2 - 7*k + 3. Let f be (-33)/6*(4 - 2). What are the prime factors of n(f)?
2
Let k be 4/12 - (-133)/(-3). List the prime factors of k*-5*(-1)/(-4).
5, 11
Let x = 4 - 1. Suppose -z = 3*z - x*o - 11, -2*z = -o - 7. Suppose 2*a - z = 3. What are the prime factors of a?
2
Suppose -5*j - 2 = -47. Suppose v + 576 = j*v. What are the prime factors of v?
2, 3
Suppose 0 = -61*z + 66*z - 700. What are the prime factors of z?
2, 5, 7
Suppose -u = -0*u + 432. Let o be (u/84)/((-4)/42). Let i = 82 - o. What are the prime factors of i?
2, 7
Suppose 3*p = -o - 394, -3*p - 790 = 2*o + 2*p. Let l = -204 - o. List the prime factors of l.
2, 7
Let f be (26/2)/(5/55). Let g = -22 + f. Suppose g = 4*w + 5*r, r + 13 = 2*w - 30. What are the prime factors of w?
2, 3
Suppose 7*a - 36 = 4*a. Let w = -8 + a. Suppose 20 = w*o - 8. List the prime factors of o.
7
Let m(y) = y + 3. Let u be m(-3). Suppose -2*s - s - 72 = u. What are the prime factors of 2/((-74)/s + -3)?
2, 3
Suppose -13*k + 2366 = k. What are the prime factors of k?
13
Let c(y) = -y**3 + 14*y**2 + 14*y + 21. Let h be c(15). Suppose 0 = 3*k - 4*p - 41, -h*k = -k - 5*p - 60. What are the prime factors of k?
7
What are the prime factors of 204/357*1*21?
2, 3
Suppose 27*z = 22*z + 20. Suppose 0*o + 87 = o - 2*p, z*o + p - 348 = 0. List the prime factors of o.
3, 29
Suppose 0 = -4*m + q + 454, 3*q = -5*m + 3*m + 220. List the prime factors of m.
113
Let q(v) = -v**2 + 12*v - 13. Let u be q(10). Suppose u*w = w + 570. List the prime factors of w.
5, 19
Let g(y) be the third derivative of 5*y**4/24 - y**3/3 + 4*y**2. Let h be g(1). Suppose h*d - 38 = 94. List the prime factors of d.
2, 11
What are the prime factors of (-370)/148*(0 - (-3172)/(-10))?
13, 61
Let y(b) = -3*b + b - b**2 - 8 - 9*b. Suppose -k + 4*a = -9, -2*k = -k + 3*a + 19. What are the prime factors of y(k)?
2, 5
Let l(w) = w**3 + 9*w**2 + 3*w + 20. Let s be l(-9). List the prime factors of (6 + s)*-3*160/3.
2, 5
Suppose 16*q = 12*q + 116. Let d = 176 - q. What are the prime factors of d?
3, 7
Suppose 113 = a + 4*s, 144 = 4*a - 3*s - 308. Suppose -a = -f + 5*d, -4*f - 2*d = -d - 452. List the prime factors of f.
113
Let b be (44/(-4))/((-1)/(-1)). Suppose 2*j - j - 52 = 4*o, 5*j - 2*o = 170. Let n = b + j. List the prime factors of n.
3, 7
Let m be 0/(12/(-4) - -4). Suppose -2*z + 3*k = -0*z - 177, -5*z - 4*k + 408 = m. List the prime factors of z.
2, 3, 7
Let p = -21 + 32. Let q(k) = -k**3 + 11*k**2 + 4*k + 9. What are the prime factors of q(p)?
53
Let c = -7 - -35. Suppose -2*k + c = -0. Suppose 4*a - k = 122. What are the prime factors of a?
2, 17
What are the prime factors of 1 - 5 - (-1170)/3?
2, 193
Suppose 4*s + 13984 = 4*z, -3*s = 99 - 108. What are the prime factors of z?
3499
List the prime factors of ((-86)/22 - -4) + 52840/44.
1201
Suppose -5*p - 4*d + 26 = 0, 14 = p - 0*d + 3*d. Suppose -p*s - i - 3 = -6*s, 2*s + 3*i - 19 = 0. Suppose 105 = h + s*h. List the prime factors of h.
5, 7
List the prime factors of (-36)/(-63) + 592*(-25)/(-70).
2, 53
Suppose 0 = 4*t - 13 + 5. Suppose 4*u + 224 = t*a, a - 8 = -u + 98. List the prime factors of a.
2, 3
Let k = -4 - -4. Suppose k = 4*m - 5*m + 50. List the prime factors of m.
2, 5
Suppose -492 = 25*q - 29*q. Suppose -5*j = t - 383, t - 184 = -4*j + q. What are the prime factors of j?
2, 19
Suppose 2*m = 4*m - 4, 4*o - m = 14. Suppose 0*i = -3*h + 4*i + 58, -o*i + 46 = h. Let j = -15 + h. What are the prime factors of j?
11
Suppose 0 = -2*m + 4*m, -5*n = 5*m - 1660. Let o = -157 + n. What are the prime factors of o?
5, 7
Let x(q) = -4*q + 30. Let s be x(10). Let n(i) = i**2 - 10*i - 2. List the prime factors of n(s).
2, 3, 11
Let a be (-432)/(-168)*28/(-3). Suppose 5*l + s = 85 + 116, 78 = 2*l + s. Let y = a + l. What are the prime factors of y?
17
Suppose 5*r - 15684 = -46*f + 42*f, -3*r + 9412 = 2*f. What are the prime factors of r?
2, 5, 157
Let v = 707 - 309. Suppose 5*r - v = -123. What are the prime factors of r?
5, 11
Let m be ((-4)/6)/(6/18). Let z(k) = -56*k + 8. List the prime factors of z(m).
2, 3, 5
Suppose -2*f + 9 = 1. Suppose 2*d + 19 = -5*w - 0*d, 5*w + f*d = -23. List the prime factors of 0/w + 37 + 4.
41
Suppose 1962 = 4*h - 4538. What are the prime factors of h?
5, 13
Let n(c) = -2*c + 7 + 3*c - 2*c. Let x be n(3). Suppose 0 = x*d - k - 8 - 15, 2*d = k + 9. What are the prime factors of d?
7
Suppose 163*p - 174*p = -13508. What are the prime factors of p?
2, 307
Let l(s) = -12*s + 40. List the prime factors of l(-14).
2, 13
Let h = 882 + -268. Suppose -114 = 3*s + 4*g - h, -s - 2*g = -168. What are the prime factors of s?
2, 41
Let f(q) = -2*q**2 - 11*q - 11. Let x(z) = -6*z**2 - 32*z - 32. Let r(v) = 14*f(v) - 5*x(v). What are the prime factors of r(-6)?
2, 3, 7
Let o be 2 + 3/(-6) - (-18)/12. Suppose -o*g = 5*z - 917, -2*z = -3*g + z + 933. What are the prime factors of g?
3, 103
Suppose 12*y - 7*y + 2*a = 8250, 0 = 4*a. List the prime factors of y.
2, 3, 5, 11
Let d(t) = 87*t - 17. Let c(f) = f + 1. Let r(u) = -2*c(u) + d(u). List the prime factors of r(3).
2, 59
What are the prime factors of ((-2860)/176)/((-3)/144)?
2, 3, 5, 13
Let h(t) = 2*t**2 + 7*t + 11. Let v(m) = 13*m - 15. Let j be v(6). Let b be 18/j + (-74)/14. List the prime factors of h(b).
2, 13
Suppose -3*u - r + 64 = 0, 4*r + 26 = 4*u - 54. Let n be (-3)/(9/u) + 4. What are the prime factors of (4 + n)/((-4)/(-92))?
23
Let z(k) = 3*k**2 - 6*k - 123. List the prime factors of z(-13).
2, 3, 7, 11
Suppose -4*y + 5*n = n - 624, 2*n = 0. Suppose -3*s + y = s. List the prime factors of s.
3, 13
Suppose y - 494 = -136. What are the prime factors of y?
2, 179
Let d(m) = -m**2 + 12*m + 16. Let t be d(11). Let y = t - 7. Let k = 25 - y. What are the prime factors of k?
5
Let l(o) = -o - 1. Let t(k) = 7*k + 6. Let z = 17 - 23. Let a(r) = z*t(r) - 39*l(r). List the prime factors of a(-10).
3, 11
Let d = 413 - 213. List the prime factors of d.
2, 5
Let k = 24 - 25. Let h = k + 37. What are the prime factors of h?
2, 3
Let f = 60 - -145. List the prime factors of f.
5, 41
Suppose -5*p - 421 = -31. Let n be p + -1 - 3/1. Let o = -54 - n. List the prime factors of o.
2, 7
Suppose 23*t + 5*t = 12768.